1. What is c(y)?
7
Let s(d) = -5*d**2 + 4*d**2 - 791*d + 1583*d + 3*d**2 - 791*d. Determine s(5).
55
Let w be 2/(-3) + (-10)/(-6). Let i(v) be the second derivative of 37*v**4/12 - v**3/6 - 58755*v. Give i(w).
36
Let r = -3708 + 3698. Let o(b) = -b + 17. Give o(r).
27
Let k(a) = 3*a**2 - 5*a. Let t(g) = -10*g**2 - 59*g + 8. Let v(f) = 25*f - 31. Let h be v(1). Let n be t(h). Determine k(n).
2
Let n(i) = -i**3 + 8*i**2 - 15*i + 11. Let t = 1247 - 1241. What is n(t)?
-7
Let s(y) = 8*y + 49. Let v be s(-6). Let k(a) = -3*a + 613*a**2 + 7*a**3 - 3*a**3 - 615*a**2 - v. Give k(-2).
-35
Let v(c) = 68*c + 9871. Let s be v(-145). Let o(w) = 4*w + 4. What is o(s)?
48
Let s be (0 - -326)/(50 + -48). Let u(z) = z - 155 - s - 166 + 490. Give u(-7).
-1
Let h(u) = -114 - u**3 - 3*u - 264*u**2 + 41 + 258*u**2. Give h(-7).
-3
Let m(a) be the first derivative of 4*a**3/3 - 29*a**2/2 + 8*a + 292. Give m(8).
32
Suppose 11 = -y + 3*g, y + 4*g = -0*g + 24. Suppose -y*j - 1 - 11 = 0, h - 13 = 5*j. Let t(b) = 17447*b - 10 + 2 + 10 - 17449*b. Determine t(h).
6
Let h(d) = 4*d - 3. Suppose -8*m = -5*r - 3*m + 180, 0 = m - 3. Suppose 43*t = r*t + 12. Calculate h(t).
9
Suppose 9*g - 10*g - 3*v + 2 = 0, -4*v - 37 = -g. Let t(f) = f**2 - 18*f + 16. What is t(g)?
-1
Let n(v) = 2*v. Suppose 10 - 10 = -14*p. Suppose 2*j + 2*w + 10 = -p*j, 19 = -2*j - 5*w. Determine n(j).
-4
Let m(r) = 24*r**2 - 19*r - 8. Let t(k) = 11*k**2 - 9*k - 4. Let p(c) = -6*m(c) + 13*t(c). Suppose 0 = -4*x + 9*x - 25. Suppose x*f - 8*f = 9. Calculate p(f).
-4
Suppose 10*n - 8*n - 16 = 0. Suppose 3*t - 6 = -5*o, 5*t + o - n = t. Let y(r) = -8*r. Determine y(t).
-16
Let m(t) = -9*t - 7. Let d(h) = 4*h + 34 - 16 - 17 - 2*h. Let j(b) = -4*d(b) - m(b). Determine j(3).
6
Suppose -3*k + 2 = -k. Let a(h) = 105 - 501 + 99 + 100 + 29*h + 99 + 97. Determine a(k).
28
Suppose -161*z = 1338 + 1238. Let a(b) = b**2 + 17*b + 21. Give a(z).
5
Let h(j) = j**3 - j**2 - j + 1. Let q(y) = -2*y**3 + 3*y**2 + 3*y - 5. Let b(t) = -4*h(t) - q(t). Let f(k) = -35*k + 4482. Let u be f(128). Calculate b(u).
-9
Let s be -2 + 1 + 0 + 2. Let m(b) = -23481058 + 23481058 - 7*b. Give m(s).
-7
Let x(a) = -7*a - 482. Let b be x(-68). Let v(z) = 4*z**2 + 11*z + 9. Determine v(b).
87
Let m = -29 + 31. Let g(c) = -c + 4. Let v(k) = -3*k + 9. Let o(d) = 5*g(d) - 2*v(d). Give o(m).
4
Let k = 312 - 301. Let y(p) = -3*p - 3 - 9*p**2 - k*p**2 - 8*p**2 + 30*p**2. Let v(d) = d**3 - 7*d**2 + 6*d + 3. Let o be v(6). Determine y(o).
6
Let t(x) = -3 - 2379*x + 791*x - 18 + 790*x + 789*x. Determine t(6).
-75
Let d(o) = -245*o + 2. Let b(y) = 204*y - 2. Let x(r) = -6*b(r) - 5*d(r). Give x(5).
7
Let r(l) be the first derivative of -l**4/2 - 4*l**3 - 21*l**2/2 - 132*l + 480. What is r(-6)?
-6
Let a(h) = 568*h - 1 + 1 - 566*h. Let f be (-153)/(-54) - 1/(-6). Determine a(f).
6
Let y(g) be the first derivative of 19 - 2/3*g**3 - 5/2*g**2 - 2*g. What is y(-3)?
-5
Let z(h) = -h. Let r(b) = -6*b + 3. Let p(x) = r(x) - 2*z(x). Let g = -168 + 173. Determine p(g).
-17
Let n(z) = 14 - 19*z**2 - 36 + 16 + z - 3*z**3 + 12*z**2 + 2*z**3. Let o be -3*(-84)/(-18)*1/2. Calculate n(o).
-13
Let z(d) = -2*d + 5. Let h(y) = y - 3. Let j(u) = -5*h(u) - 2*z(u). Let c = 18057 + -18045. Give j(c).
-7
Let l(h) = 270*h + 1883. Let z be l(-7). Let v(w) = -4*w - 3. Calculate v(z).
25
Let n(u) be the second derivative of 5*u**4/12 - 3*u**3 - 9*u**2/2 - 6784*u. What is n(6)?
63
Suppose 5 = t, -2*i + 5*t - 23 = -i. Let c(y) = 7*y + 2*y**2 + 4*y**2 + y**3 - 20 - 54 + y**i + 82. Calculate c(-6).
2
Let r(w) = -3*w + 2*w + 0*w + 1. Let k be 3/4 + ((-98)/(-8) - 0). Suppose m - k = -3*u, u - 8*m + 6*m + 5 = 0. Give r(u).
-2
Let m(o) be the first derivative of -o**3/3 + o**2/2 + 4*o + 27. Let c = -17 - -19. Suppose 3*t = -c*a + 20, 2*a - 16 = t - 3*a. Determine m(t).
-8
Let t(b) = 2*b + 18. Suppose -218 = 5*u - 3*p - 981, 0 = -3*u + p + 461. Let n = u - 167. Calculate t(n).
-6
Let g(k) = 30*k**2 - 6*k + 1. Let n be (8/(-38))/((-1)/(-76)*-8). Give g(n).
109
Let s(i) = 2 + i**2 - 4 - 2 - 4*i - 2 - 1. Let b = -26 - -36. Let c(f) = -f**3 + 11*f**2 - 8*f - 14. Let v be c(b). Calculate s(v).
5
Let i(v) be the third derivative of -v**6/120 - v**5/10 - v**4/4 - 49*v**3/3 - 2661*v**2. Calculate i(-7).
-7
Let v = -17298 + 17298. Let t(w) be the second derivative of 0*w**2 - 1/12*w**4 + 9*w - 2/3*w**3 + v. Calculate t(-4).
0
Let m(y) = y**2 + 10*y - 8. Suppose -31*c + 1667 - 1636 = 0. Let z = 11 + -21. Let s be (z/(-15))/(c + 26/(-24)). Determine m(s).
-24
Let y be 2 - -1 - (45 - (0 - 3)). Let k be (-9)/y + 9/5. Let r(o) = -8 - 3 - 8*o - o**k + 5 + o. Determine r(-4).
6
Let b(s) = -s**3 + 12*s**2 - 15*s - 49. Let p = -6333 + 6343. Calculate b(p).
1
Let s(y) be the third derivative of y**6/360 - y**4/24 - 5*y**3/2 + 21*y**2. Let j(q) be the first derivative of s(q). Suppose 88*b = 90*b. What is j(b)?
-1
Let k(h) be the third derivative of h**6/120 - h**4/6 + h**3/3 - 45356*h**2. Let o = 11 - 7. Give k(o).
50
Let i be (-19*20/(-760))/((1/(-1))/18). Let v(p) = p**2 + 14*p - 1. Give v(i).
-46
Let p(d) = -d**2 + 3*d. Suppose -n + 5*q = -36 - 12, -5*n + 350 = -3*q. Suppose 13*v - n = -8. Determine p(v).
-10
Let k(h) be the first derivative of -13*h**2/2 + 4*h - 828. Determine k(1).
-9
Let j(u) = -u**3 + 35*u**2 - 34*u + 21. Let v = 5250 + -5216. What is j(v)?
21
Let j = 10 + -318. Let y be j/(-33) - (-2)/(-6). Let c = y - 4. Let q(n) = n**3 - 5*n**2 - 2*n + 7. Calculate q(c).
-3
Let b(p) = -6*p + 172. Let y be b(29). Let w(x) = 2*x**2 - 5*x - 5. What is w(y)?
13
Let f(v) = 3*v - 314. Let d(n) = n - 112. Let l(g) = -11*d(g) + 4*f(g). Calculate l(12).
-12
Suppose 4*v - 2*d + 12 = 5*v, -4*v - 4*d + 28 = 0. Let k(b) = -125*b**2 + 255*b**v - 131*b**2. Calculate k(3).
-9
Let v be ((-4)/14 - 181/(-21)) + (-2)/(-3). Let h(l) = -7*l + 28. What is h(v)?
-35
Suppose -d - 18 = -4*d. Suppose c = -c - d. Let g(a) be the first derivative of a**3/3 - a**2/2 + 3*a - 35. What is g(c)?
15
Let n(j) = -7*j**3 + 8*j**2 - 15*j + 5. Let z(h) = 2899 - 4*h**2 + 5*h**2 - 8*h - 3*h**3 - 2897 + 4*h**2. Let m(x) = 2*n(x) - 5*z(x). Calculate m(7).
-28
Let y = 5742 - 5743. Let m(b) = -72*b**3 - 2*b**2 - b. What is m(y)?
71
Let q(d) = 12*d**2 - 2*d. Let h(c) = 47*c**2 - 2*c + 4. Let f(n) = h(n) - 4*q(n). Suppose 0 = m - o + 6*o + 4, 2*o + 10 = m. Determine f(m).
4
Suppose 132*i = 134*i - 60. Suppose -2*m + 17*m + i = 0. Let t(k) = -k**3 - k. What is t(m)?
10
Let v(i) = 6 - 4*i**3 + 1 + 7 - 17 + 4 - i. Let s(o) = 2*o + 13. Let n be s(-6). Determine v(n).
-4
Suppose 4*x - 2*u - 20 = 0, 2*x = -0*u + 4*u + 22. Suppose -4*m + 32 = -x*l, 0 = -3*m - 6 + 21. Let f(s) = -2*s**2 + 2*s + 5. What is f(l)?
-35
Let j(m) be the third derivative of m**6/120 + 23*m**5/60 + 23*m**4/24 + 29*m**3/6 + 1049*m**2. Determine j(-22).
7
Let k(i) = -5 - 2 + i + 4. Let w be (-156)/(-28) + 64/(-112). Suppose -w = -5*y, -5*y = -4*x + 10 - 39. Determine k(x).
-9
Let c(p) be the first derivative of p**2/2 - 165. Let h be 60/(-100) + (-73)/(-5). Give c(h).
14
Let q(n) be the first derivative of -8*n + 1/2*n**2 + 59. Let k = 21 - 13. What is q(k)?
0
Let t(a) = 13*a. Let f(i) = -66*i - 9. Let l(v) = -f(v) - 4*t(v). Determine l(0).
9
Let p(r) be the first derivative of -r**4/4 + 2*r**3/3 + r**2/2 - r + 587. Suppose i + 2*o + 6 = 0, -o = 2*o + 12. Give p(i).
1
Let k be 4/(-6) - 168/(-36). Let z be (-32)/(-2) + (-1 - -1). Let a(b) = -b**2 - 3 + 16*b - z*b + 4. What is a(k)?
-15
Let p(w) = w**3 + 36*w**2 - 35*w + 78. Let r be p(-37). Let i(x) = 2 - 5 + 1 + 1 + x. Calculate i(r).
3
Let f(l) = 3*l**2 + 2*l + 1. Let a be (10/(-20))/(2/(-12)). Suppose u = -4*p + 8 - 0, 0 = -2*u - a*p - 4. Let q be ((-4)/u)/((-5)/20). Give f(q).
9
Let t(s) = s**3 - 12*s**2 - 15*s. Let q be ((-117)/(-27))/((-6 - -7)*(-2)/(-6)). Calculate t(q).
-26
Let n(i) be the third derivative of i**5/60 - 7*i**4/24 + i**3/3 + 5*i**2. Let a(p) = p**3 - 5*p**2 - 14*p + 6. Let u = 5 + 2. Let o be a(u). Give n(o).
-4
Let r(c) = -c**3 - 2*c**2 + 4*c - 1. Let s be (232/38 - 84/798) + -4. What is r(s)?
-9
Let f(m) = m**3 - m**2 - 106*m - 268. Let t be f(-8). Let u(j) be the third derivative of 0*j + 5*j**2 + 0 + 1/8*j**t + 1/3*j**3. Calculate u(3).
11
Let n(s) = -105*s + 60 + 42*s + s**2 + 29*s + 133. Determine n(27).
